{"id":1407,"date":"2025-08-25T10:47:31","date_gmt":"2025-08-25T13:47:31","guid":{"rendered":"https:\/\/alinahegi.com\/web\/?page_id=1407"},"modified":"2025-10-15T12:27:41","modified_gmt":"2025-10-15T15:27:41","slug":"registro","status":"publish","type":"page","link":"https:\/\/alinahegi.com\/web\/registro\/","title":{"rendered":"Alta Mayorista"},"content":{"rendered":"\t\t<div data-elementor-type=\"wp-page\" data-elementor-id=\"1407\" class=\"elementor elementor-1407\" data-elementor-post-type=\"page\">\n\t\t\t\t<div class=\"elementor-element elementor-element-1cca7ab e-con-full e-flex e-con e-parent\" data-id=\"1cca7ab\" data-element_type=\"container\" data-e-type=\"container\" data-settings=\"{&quot;background_background&quot;:&quot;classic&quot;}\">\n\t\t\t\t<div class=\"elementor-element elementor-element-2eff4b2 elementor-widget elementor-widget-heading\" data-id=\"2eff4b2\" data-element_type=\"widget\" data-e-type=\"widget\" data-widget_type=\"heading.default\">\n\t\t\t\t\t<h2 class=\"elementor-heading-title elementor-size-default\">Alta Mayorista<\/h2>\t\t\t\t<\/div>\n\t\t\t\t<\/div>\n\t\t<div class=\"elementor-element elementor-element-5f38b4ed e-con-full e-flex e-con e-parent\" data-id=\"5f38b4ed\" data-element_type=\"container\" data-e-type=\"container\">\n\t\t\t\t<div class=\"elementor-element elementor-element-5e36bd75 elementor-widget__width-inherit elementor-widget elementor-widget-text-editor\" data-id=\"5e36bd75\" data-element_type=\"widget\" data-e-type=\"widget\" data-widget_type=\"text-editor.default\">\n\t\t\t\t\t\t\t\t\t<div class=\"um um-register um-1653\">\n<div class=\"um-form\" data-mode=\"register\">\n<form method=\"post\" action=\"\">\n<div class=\"um-row _um_row_1  um-customized-row\" style=\"padding: 40px;background-color: #eaeaea;margin: 0px 0px 0px 0px;border-width: 10px;border-style: solid;border-color: #ffffff;border-radius: 20px;color: #838383 !important;\">\n<div class=\"um-col-121\">\n<div  id=\"um_field_1653_first_name\" class=\"um-field um-field-text  um-field-first_name um-field-text um-field-type_text\" data-key=\"first_name\">\n<div class=\"um-field-label\">\n<div class=\"um-field-label-icon\"><i class=\"fas fa-circle-user\" aria-label=\"Nombre\"><\/i><\/div>\n<p><label for=\"first_name-1653\">Nombre<\/label><\/p>\n<div class=\"um-clear\"><\/div>\n<\/div>\n<div class=\"um-field-area\"><input  autocomplete=\"off\" class=\"um-form-field valid \" type=\"text\" name=\"first_name-1653\" id=\"first_name-1653\" value=\"\" placeholder=\"\" data-validate=\"\" data-key=\"first_name\"  aria-invalid=\"false\" \/><\/p><\/div>\n<\/div>\n<div  id=\"um_field_1653_last_name\" class=\"um-field um-field-text  um-field-last_name um-field-text um-field-type_text\" data-key=\"last_name\">\n<div class=\"um-field-label\">\n<div class=\"um-field-label-icon\"><i class=\"far fa-circle-user\" aria-label=\"Apellido\"><\/i><\/div>\n<p><label for=\"last_name-1653\">Apellido<\/label><\/p>\n<div class=\"um-clear\"><\/div>\n<\/div>\n<div class=\"um-field-area\"><input  autocomplete=\"off\" class=\"um-form-field valid \" type=\"text\" name=\"last_name-1653\" id=\"last_name-1653\" value=\"\" placeholder=\"\" data-validate=\"\" data-key=\"last_name\"  aria-invalid=\"false\" \/><\/p><\/div>\n<\/div>\n<div  id=\"um_field_1653_user_email\" class=\"um-field um-field-text  um-field-user_email um-field-text um-field-type_text\" data-key=\"user_email\">\n<div class=\"um-field-label\">\n<div class=\"um-field-label-icon\"><i class=\"far fa-envelope\" aria-label=\"Direcci\u00f3n de correo electr\u00f3nico\"><\/i><\/div>\n<p><label for=\"user_email-1653\">Direcci\u00f3n de correo electr\u00f3nico<\/label><\/p>\n<div class=\"um-clear\"><\/div>\n<\/div>\n<div class=\"um-field-area\"><input  autocomplete=\"off\" class=\"um-form-field valid \" type=\"text\" name=\"user_email-1653\" id=\"user_email-1653\" value=\"\" placeholder=\"\" data-validate=\"unique_email\" data-key=\"user_email\"  aria-invalid=\"false\" \/><\/p><\/div>\n<\/div>\n<div  id=\"um_field_1653_phone_number\" class=\"um-field um-field-tel  um-field-phone_number um-field-tel um-field-type_tel\" data-key=\"phone_number\">\n<div class=\"um-field-label\">\n<div class=\"um-field-label-icon\"><i class=\"fas fa-phone\" aria-label=\"N\u00famero de tel\u00e9fono\"><\/i><\/div>\n<p><label for=\"phone_number-1653\">N\u00famero de tel\u00e9fono<\/label><\/p>\n<div class=\"um-clear\"><\/div>\n<\/div>\n<div class=\"um-field-area\"><input  autocomplete=\"off\" class=\"um-form-field valid not-required \" type=\"tel\" name=\"phone_number-1653\" id=\"phone_number-1653\" value=\"\" placeholder=\"\" data-validate=\"phone_number\" data-key=\"phone_number\"  aria-invalid=\"false\" \/><\/p><\/div>\n<\/div>\n<div  id=\"um_field_1653_instagram\" class=\"um-field um-field-url  um-field-instagram um-field-url um-field-type_url\" data-key=\"instagram\">\n<div class=\"um-field-label\">\n<div class=\"um-field-label-icon\"><i class=\"fab fa-instagram\" aria-label=\"Instagram\"><\/i><\/div>\n<p><label for=\"instagram-1653\">Instagram<\/label><\/p>\n<div class=\"um-clear\"><\/div>\n<\/div>\n<div class=\"um-field-area\"><input    class=\"um-form-field valid \" type=\"text\" name=\"instagram-1653\" id=\"instagram-1653\" value=\"\" placeholder=\"\" data-validate=\"instagram_url\" data-key=\"instagram\"  aria-invalid=\"false\" \/><\/p><\/div>\n<\/div>\n<div  id=\"um_field_1653_user_url\" class=\"um-field um-field-url  um-field-user_url um-field-url um-field-type_url\" data-key=\"user_url\">\n<div class=\"um-field-label\">\n<div class=\"um-field-label-icon\"><i class=\"fas fa-globe\" aria-label=\"Direcci\u00f3n web\"><\/i><\/div>\n<p><label for=\"user_url-1653\">Direcci\u00f3n web<\/label><\/p>\n<div class=\"um-clear\"><\/div>\n<\/div>\n<div class=\"um-field-area\"><input    class=\"um-form-field valid \" type=\"text\" name=\"user_url-1653\" id=\"user_url-1653\" value=\"\" placeholder=\"\" data-validate=\"url\" data-key=\"user_url\"  aria-invalid=\"false\" \/><\/p><\/div>\n<\/div>\n<\/div>\n<div class=\"um-col-122\">\n<div  id=\"um_field_1653_razon_social\" class=\"um-field um-field-text  um-field-razon_social um-field-text um-field-type_text\" data-key=\"razon_social\">\n<div class=\"um-field-label\">\n<div class=\"um-field-label-icon\"><i class=\"far fa-building\" aria-label=\"Raz\u00f3n Social\"><\/i><\/div>\n<p><label for=\"razon_social-1653\">Raz\u00f3n Social<\/label><\/p>\n<div class=\"um-clear\"><\/div>\n<\/div>\n<div class=\"um-field-area\"><input  autocomplete=\"off\" class=\"um-form-field valid not-required \" type=\"text\" name=\"razon_social-1653\" id=\"razon_social-1653\" value=\"\" placeholder=\"\" data-validate=\"\" data-key=\"razon_social\"  aria-invalid=\"false\" \/><\/p><\/div>\n<\/div>\n<div  id=\"um_field_1653_cuit\" class=\"um-field um-field-number  um-field-cuit um-field-number um-field-type_number\" data-key=\"cuit\">\n<div class=\"um-field-label\">\n<div class=\"um-field-label-icon\"><i class=\"far fa-address-card\" aria-label=\"Cuit\"><\/i><\/div>\n<p><label for=\"cuit-1653\">Cuit<\/label><span class=\"um-tip um-tip-w\" title=\"(Ej: 20311508557) Solo n\u00fameros\"><i class=\"um-icon-help-circled\"><\/i><\/span><\/p>\n<div class=\"um-clear\"><\/div>\n<\/div>\n<div class=\"um-field-area\"><input  class=\"um-form-field valid not-required \" type=\"number\" name=\"cuit-1653\" id=\"cuit-1653\" value=\"\" placeholder=\"\" data-validate=\"\" data-key=\"cuit\"   aria-invalid=\"false\" \/><\/p><\/div>\n<\/div>\n<div  id=\"um_field_1653_nombre_fantasia\" class=\"um-field um-field-text  um-field-nombre_fantasia um-field-text um-field-type_text\" data-key=\"nombre_fantasia\">\n<div class=\"um-field-label\">\n<div class=\"um-field-label-icon\"><i class=\"far fa-building\" aria-label=\"Nombre Fantas\u00eda\"><\/i><\/div>\n<p><label for=\"nombre_fantasia-1653\">Nombre Fantas\u00eda<\/label><\/p>\n<div class=\"um-clear\"><\/div>\n<\/div>\n<div class=\"um-field-area\"><input  autocomplete=\"off\" class=\"um-form-field valid not-required \" type=\"text\" name=\"nombre_fantasia-1653\" id=\"nombre_fantasia-1653\" value=\"\" placeholder=\"\" data-validate=\"\" data-key=\"nombre_fantasia\"  aria-invalid=\"false\" \/><\/p><\/div>\n<\/div>\n<div  id=\"um_field_1653_localidad\" class=\"um-field um-field-text  um-field-localidad um-field-text um-field-type_text\" data-key=\"localidad\">\n<div class=\"um-field-label\">\n<div class=\"um-field-label-icon\"><i class=\"fas fa-map-pin\" aria-label=\"Localidad\"><\/i><\/div>\n<p><label for=\"localidad-1653\">Localidad<\/label><\/p>\n<div class=\"um-clear\"><\/div>\n<\/div>\n<div class=\"um-field-area\"><input  autocomplete=\"off\" class=\"um-form-field valid not-required \" type=\"text\" name=\"localidad-1653\" id=\"localidad-1653\" value=\"\" placeholder=\"\" data-validate=\"\" data-key=\"localidad\"  aria-invalid=\"false\" \/><\/p><\/div>\n<\/div>\n<div  id=\"um_field_1653_provincia\" class=\"um-field um-field-text  um-field-provincia um-field-text um-field-type_text\" data-key=\"provincia\">\n<div class=\"um-field-label\">\n<div class=\"um-field-label-icon\"><i class=\"far fa-map\" aria-label=\"Provincia\"><\/i><\/div>\n<p><label for=\"provincia-1653\">Provincia<\/label><\/p>\n<div class=\"um-clear\"><\/div>\n<\/div>\n<div class=\"um-field-area\"><input  autocomplete=\"off\" class=\"um-form-field valid not-required \" type=\"text\" name=\"provincia-1653\" id=\"provincia-1653\" value=\"\" placeholder=\"\" data-validate=\"\" data-key=\"provincia\"  aria-invalid=\"false\" \/><\/p><\/div>\n<\/div>\n<div  id=\"um_field_1653_codigo_postal_alfanumerico\" class=\"um-field um-field-text  um-field-codigo_postal_alfanumerico um-field-text um-field-type_text\" data-key=\"codigo_postal_alfanumerico\">\n<div class=\"um-field-label\">\n<div class=\"um-field-label-icon\"><i class=\"fab fa-usps\" aria-label=\"C\u00f3digo Postal\"><\/i><\/div>\n<p><label for=\"codigo_postal_alfanumerico-1653\">C\u00f3digo Postal<\/label><\/p>\n<div class=\"um-clear\"><\/div>\n<\/div>\n<div class=\"um-field-area\"><input  autocomplete=\"off\" class=\"um-form-field valid \" type=\"text\" name=\"codigo_postal_alfanumerico-1653\" id=\"codigo_postal_alfanumerico-1653\" value=\"\" placeholder=\"\" data-validate=\"\" data-key=\"codigo_postal_alfanumerico\"  aria-invalid=\"false\" \/><\/p><\/div>\n<\/div>\n<\/div>\n<div class=\"um-clear\"><\/div>\n<\/div>\n<div class=\"um-row _um_row_2  um-customized-row\" style=\"padding: 40px;background-color: #eaeaea;margin: 0px 0px 0px 0px;border-width: 10px;border-style: solid;border-color: #ffffff;border-radius: 20px;color: #838383 !important;\">\n<div class=\"um-col-1\">\n<div  id=\"um_field_1653_user_password\" class=\"um-field um-field-password  um-field-user_password um-field-password um-field-type_password\" data-key=\"user_password\">\n<div class=\"um-field-label\"><label for=\"user_password-1653\">Contrase\u00f1a<\/label><\/p>\n<div class=\"um-clear\"><\/div>\n<\/div>\n<div class=\"um-field-area\"><input class=\"um-form-field valid \" type=\"password\" name=\"user_password-1653\" id=\"user_password-1653\" value=\"\" placeholder=\"\" data-validate=\"\" data-key=\"user_password\"  aria-invalid=\"false\" \/><\/p><\/div>\n<\/div>\n<div  id=\"um_field_1653_confirm_user_password\" class=\"um-field um-field-password  um-field-user_password um-field-password um-field-type_password\" data-key=\"confirm_user_password\">\n<div class=\"um-field-label\"><label for=\"confirm_user_password-1653\">Confirmar Contrase\u00f1a<\/label><\/p>\n<div class=\"um-clear\"><\/div>\n<\/div>\n<div class=\"um-field-area\"><input class=\"um-form-field valid \" type=\"password\" name=\"confirm_user_password-1653\" id=\"confirm_user_password-1653\" value=\"\" placeholder=\"Confirmar Contrase\u00f1a\" data-validate=\"\" data-key=\"confirm_user_password\"  aria-invalid=\"false\" \/><\/div>\n<\/div>\n<\/div>\n<\/div>\n<p><!-- This file should primarily consist of HTML with a little bit of PHP. --><\/p>\n<div class=\"um-field um-field-type_terms_conditions\" data-key=\"use_terms_conditions_agreement\" style=\"display:block;padding:0;\">\n<div class=\"um-field-area\">\n<div class=\"um-gdpr-content\" style=\"display:none;\">\n<p>En <strong>Alina Hegi<\/strong> valoramos y respetamos la privacidad de quienes visitan nuestro sitio web <a href=\"https:\/\/alinahegi.com\/\">https:\/\/alinahegi.com<\/a>. Este documento describe c\u00f3mo recopilamos, utilizamos y protegemos la informaci\u00f3n personal de nuestros usuarios.<\/p>\n<h2 class=\"wp-block-heading\"><strong>1. Informaci\u00f3n que recopilamos<\/strong><\/h2>\n<ul class=\"wp-block-list\">\n<li><strong>Registro de clientes mayoristas:<\/strong> Para acceder a precios y condiciones especiales, solicitamos que el usuario se registre como cliente mayorista. En este proceso, podemos solicitar datos como nombre, apellido, raz\u00f3n social, direcci\u00f3n de correo electr\u00f3nico, n\u00famero de tel\u00e9fono y datos comerciales relacionados con su actividad.<\/li>\n<li><strong>Informaci\u00f3n de contacto:<\/strong> Si el usuario se comunica con nosotros a trav\u00e9s de formularios, correo electr\u00f3nico u otros medios, almacenaremos los datos necesarios para responder a su consulta.<\/li>\n<li><strong>Navegaci\u00f3n en el sitio:<\/strong> De manera autom\u00e1tica, podemos recopilar informaci\u00f3n no identificable (como direcci\u00f3n IP, tipo de navegador y p\u00e1ginas visitadas) \u00fanicamente con fines estad\u00edsticos y de mejora del servicio.<\/li>\n<\/ul>\n<h2 class=\"wp-block-heading\"><strong>2. Uso de la informaci\u00f3n<\/strong><\/h2>\n<p>La informaci\u00f3n recopilada se utiliza exclusivamente para:<\/p>\n<ul class=\"wp-block-list\">\n<li>Verificar y habilitar a clientes mayoristas.<\/li>\n<li>Brindar acceso a los precios y condiciones comerciales correspondientes.<\/li>\n<li>Contactar a los usuarios en relaci\u00f3n con consultas, pedidos o acuerdos comerciales.<\/li>\n<li>Mejorar la experiencia de navegaci\u00f3n en el sitio.<\/li>\n<\/ul>\n<p><strong>Importante:<\/strong> No utilizamos los datos con fines de marketing masivo, ni se comparten con terceros con fines comerciales.<\/p>\n<h2 class=\"wp-block-heading\"><strong>3. M\u00e9todos de pago y env\u00edo<\/strong><\/h2>\n<p>Actualmente, <strong>no ofrecemos m\u00e9todos de pago ni de env\u00edo online<\/strong>. Toda transacci\u00f3n se acuerda directamente con el cliente de forma personalizada (\u201ca convenir\u201d). Por lo tanto, no se almacenan datos de tarjetas de cr\u00e9dito ni informaci\u00f3n bancaria en nuestro sitio.<\/p>\n<h2 class=\"wp-block-heading\"><strong>4. Conservaci\u00f3n de datos<\/strong><\/h2>\n<p>La informaci\u00f3n personal proporcionada ser\u00e1 almacenada de forma segura y solo durante el tiempo necesario para cumplir con los fines mencionados o para dar cumplimiento a obligaciones legales.<\/p>\n<h2 class=\"wp-block-heading\"><strong>5. Derechos de los usuarios<\/strong><\/h2>\n<p>De acuerdo con la normativa vigente en materia de protecci\u00f3n de datos personales, los usuarios tienen derecho a:<\/p>\n<ul class=\"wp-block-list\">\n<li>Acceder a la informaci\u00f3n que tenemos registrada sobre ellos.<\/li>\n<li>Solicitar la correcci\u00f3n o actualizaci\u00f3n de sus datos.<\/li>\n<li>Solicitar la eliminaci\u00f3n de sus datos de nuestra base de clientes, salvo aquellos que debamos conservar por obligaci\u00f3n legal o contractual.<\/li>\n<\/ul>\n<p>Las solicitudes podr\u00e1n realizarse escribiendo a nuestro correo de contacto: <strong>info@alinahegi.com<\/strong>.<\/p>\n<h2 class=\"wp-block-heading\"><strong>6. Seguridad<\/strong><\/h2>\n<p>Adoptamos medidas t\u00e9cnicas y organizativas razonables para proteger los datos personales frente a accesos no autorizados, p\u00e9rdidas o modificaciones. Sin embargo, ning\u00fan sistema de transmisi\u00f3n o almacenamiento electr\u00f3nico es 100% seguro.<\/p>\n<h2 class=\"wp-block-heading\"><strong>7. Cambios en esta pol\u00edtica<\/strong><\/h2>\n<p>Podemos actualizar estas Pol\u00edticas de Privacidad en cualquier momento para reflejar cambios en nuestras pr\u00e1cticas, en la legislaci\u00f3n o en nuestros servicios. Toda modificaci\u00f3n ser\u00e1 publicada en esta misma p\u00e1gina con la fecha de \u00faltima actualizaci\u00f3n.<\/p>\n<\/p><\/div>\n<p>\t\t<a href=\"javascript:void(0);\" class=\"um-toggle-gdpr\" data-toggle-state=\"hidden\"\n\t\t\tdata-toggle-show=\"Mostrar la pol\u00edtica de privacidad\"\n\t\t\tdata-toggle-hide=\"Ocultar la pol\u00edtica de privacidad\"><br \/>\n\t\t\tMostrar la pol\u00edtica de privacidad\t\t<\/a>\n\t<\/div>\n<div class=\"um-field-area\">\n\t\t<label class=\"um-field-checkbox\"><br \/>\n\t\t\t<input type=\"checkbox\" name=\"use_gdpr_agreement\" value=\"1\"><br \/>\n\t\t\t<span class=\"um-field-checkbox-state\"><i class=\"um-icon-android-checkbox-outline-blank\"><\/i><\/span><br \/>\n\t\t\t<span class=\"um-field-checkbox-option\">Por favor, confirma que est\u00e1s de acuerdo con nuestra pol\u00edtica de privacidad<\/span><br \/>\n\t\t<\/label><\/p>\n<div class=\"um-clear\"><\/div>\n<div class=\"um-clear\"><\/div>\n<\/p><\/div>\n<\/div>\n<p>\t<input type=\"hidden\" name=\"form_id\" id=\"form_id_1653\" value=\"1653\" \/><\/p>\n<p class=\"um_request_name\">\n\t\t<label for=\"um_request_1653\">Only fill in if you are not human<\/label><br \/>\n\t\t<input type=\"hidden\" name=\"um_request\" id=\"um_request_1653\" class=\"input\" value=\"\" size=\"25\" autocomplete=\"off\" \/>\n\t<\/p>\n<p>\t<input type=\"hidden\" id=\"_wpnonce\" name=\"_wpnonce\" value=\"5a5f503a8d\" \/><input type=\"hidden\" name=\"_wp_http_referer\" value=\"\/web\/wp-json\/wp\/v2\/pages\/1407\" \/><\/p>\n<div class=\"g-recaptcha\" id=\"um-1653\" data-mode=\"register\"><\/div>\n<div class=\"um-col-alt\">\n<div class=\"um-center\">\n\t\t\t\t<input type=\"submit\" value=\"Alta Mayorista\" class=\"um-button\" id=\"um-submit-btn\" \/>\n\t\t\t<\/div>\n<div class=\"um-clear\"><\/div>\n<\/p><\/div>\n<\/p><\/form>\n<\/p><\/div>\n<\/div>\n<style>\n\t\t\t.um-1653.um {\n\t\t\tmax-width: 800px;\n\t\t}\n\t\t<\/style><\/p>\n\t\t\t\t\t\t\t\t<\/div>\n\t\t\t\t<\/div>\n\t\t\t\t<\/div>\n\t\t","protected":false},"excerpt":{"rendered":"<p>Alta Mayorista<\/p>\n","protected":false},"author":1,"featured_media":0,"parent":0,"menu_order":0,"comment_status":"closed","ping_status":"closed","template":"elementor_header_footer","meta":{"_acf_changed":false,"_joinchat":[],"footnotes":""},"class_list":["post-1407","page","type-page","status-publish","hentry"],"acf":[],"yoast_head":"<!-- This site is optimized with the Yoast SEO plugin v27.0 - https:\/\/yoast.com\/product\/yoast-seo-wordpress\/ -->\n<title>Alta Mayorista - Alina Hegi<\/title>\n<meta name=\"robots\" content=\"index, follow, max-snippet:-1, max-image-preview:large, max-video-preview:-1\" \/>\n<link rel=\"canonical\" href=\"https:\/\/alinahegi.com\/web\/registro\/\" \/>\n<meta property=\"og:locale\" content=\"es_ES\" \/>\n<meta property=\"og:type\" content=\"article\" \/>\n<meta property=\"og:title\" content=\"Alta Mayorista - Alina Hegi\" \/>\n<meta property=\"og:description\" content=\"Alta Mayorista\" \/>\n<meta property=\"og:url\" content=\"https:\/\/alinahegi.com\/web\/registro\/\" \/>\n<meta property=\"og:site_name\" content=\"Alina Hegi\" \/>\n<meta property=\"article:modified_time\" content=\"2025-10-15T15:27:41+00:00\" \/>\n<meta name=\"twitter:card\" content=\"summary_large_image\" \/>\n<meta name=\"twitter:label1\" content=\"Tiempo de lectura\" \/>\n\t<meta name=\"twitter:data1\" content=\"1 minuto\" \/>\n<script type=\"application\/ld+json\" class=\"yoast-schema-graph\">{\"@context\":\"https:\/\/schema.org\",\"@graph\":[{\"@type\":\"WebPage\",\"@id\":\"https:\/\/alinahegi.com\/web\/registro\/\",\"url\":\"https:\/\/alinahegi.com\/web\/registro\/\",\"name\":\"Alta Mayorista - Alina Hegi\",\"isPartOf\":{\"@id\":\"https:\/\/alinahegi.com\/web\/#website\"},\"datePublished\":\"2025-08-25T13:47:31+00:00\",\"dateModified\":\"2025-10-15T15:27:41+00:00\",\"breadcrumb\":{\"@id\":\"https:\/\/alinahegi.com\/web\/registro\/#breadcrumb\"},\"inLanguage\":\"es\",\"potentialAction\":[{\"@type\":\"ReadAction\",\"target\":[\"https:\/\/alinahegi.com\/web\/registro\/\"]}]},{\"@type\":\"BreadcrumbList\",\"@id\":\"https:\/\/alinahegi.com\/web\/registro\/#breadcrumb\",\"itemListElement\":[{\"@type\":\"ListItem\",\"position\":1,\"name\":\"Home\",\"item\":\"https:\/\/alinahegi.com\/web\/\"},{\"@type\":\"ListItem\",\"position\":2,\"name\":\"Registro\"}]},{\"@type\":\"WebSite\",\"@id\":\"https:\/\/alinahegi.com\/web\/#website\",\"url\":\"https:\/\/alinahegi.com\/web\/\",\"name\":\"Alina Hegi\",\"description\":\"\",\"publisher\":{\"@id\":\"https:\/\/alinahegi.com\/web\/#organization\"},\"potentialAction\":[{\"@type\":\"SearchAction\",\"target\":{\"@type\":\"EntryPoint\",\"urlTemplate\":\"https:\/\/alinahegi.com\/web\/?s={search_term_string}\"},\"query-input\":{\"@type\":\"PropertyValueSpecification\",\"valueRequired\":true,\"valueName\":\"search_term_string\"}}],\"inLanguage\":\"es\"},{\"@type\":\"Organization\",\"@id\":\"https:\/\/alinahegi.com\/web\/#organization\",\"name\":\"Alina Hegi\",\"url\":\"https:\/\/alinahegi.com\/web\/\",\"logo\":{\"@type\":\"ImageObject\",\"inLanguage\":\"es\",\"@id\":\"https:\/\/alinahegi.com\/web\/#\/schema\/logo\/image\/\",\"url\":\"https:\/\/alinahegi.com\/web\/wp-content\/uploads\/2025\/07\/logo_alina_hegi_cabezal.svg\",\"contentUrl\":\"https:\/\/alinahegi.com\/web\/wp-content\/uploads\/2025\/07\/logo_alina_hegi_cabezal.svg\",\"caption\":\"Alina Hegi\"},\"image\":{\"@id\":\"https:\/\/alinahegi.com\/web\/#\/schema\/logo\/image\/\"}}]}<\/script>\n<!-- \/ Yoast SEO plugin. -->","yoast_head_json":{"title":"Alta Mayorista - Alina Hegi","robots":{"index":"index","follow":"follow","max-snippet":"max-snippet:-1","max-image-preview":"max-image-preview:large","max-video-preview":"max-video-preview:-1"},"canonical":"https:\/\/alinahegi.com\/web\/registro\/","og_locale":"es_ES","og_type":"article","og_title":"Alta Mayorista - Alina Hegi","og_description":"Alta Mayorista","og_url":"https:\/\/alinahegi.com\/web\/registro\/","og_site_name":"Alina Hegi","article_modified_time":"2025-10-15T15:27:41+00:00","twitter_card":"summary_large_image","twitter_misc":{"Tiempo de lectura":"1 minuto"},"schema":{"@context":"https:\/\/schema.org","@graph":[{"@type":"WebPage","@id":"https:\/\/alinahegi.com\/web\/registro\/","url":"https:\/\/alinahegi.com\/web\/registro\/","name":"Alta Mayorista - Alina Hegi","isPartOf":{"@id":"https:\/\/alinahegi.com\/web\/#website"},"datePublished":"2025-08-25T13:47:31+00:00","dateModified":"2025-10-15T15:27:41+00:00","breadcrumb":{"@id":"https:\/\/alinahegi.com\/web\/registro\/#breadcrumb"},"inLanguage":"es","potentialAction":[{"@type":"ReadAction","target":["https:\/\/alinahegi.com\/web\/registro\/"]}]},{"@type":"BreadcrumbList","@id":"https:\/\/alinahegi.com\/web\/registro\/#breadcrumb","itemListElement":[{"@type":"ListItem","position":1,"name":"Home","item":"https:\/\/alinahegi.com\/web\/"},{"@type":"ListItem","position":2,"name":"Registro"}]},{"@type":"WebSite","@id":"https:\/\/alinahegi.com\/web\/#website","url":"https:\/\/alinahegi.com\/web\/","name":"Alina Hegi","description":"","publisher":{"@id":"https:\/\/alinahegi.com\/web\/#organization"},"potentialAction":[{"@type":"SearchAction","target":{"@type":"EntryPoint","urlTemplate":"https:\/\/alinahegi.com\/web\/?s={search_term_string}"},"query-input":{"@type":"PropertyValueSpecification","valueRequired":true,"valueName":"search_term_string"}}],"inLanguage":"es"},{"@type":"Organization","@id":"https:\/\/alinahegi.com\/web\/#organization","name":"Alina Hegi","url":"https:\/\/alinahegi.com\/web\/","logo":{"@type":"ImageObject","inLanguage":"es","@id":"https:\/\/alinahegi.com\/web\/#\/schema\/logo\/image\/","url":"https:\/\/alinahegi.com\/web\/wp-content\/uploads\/2025\/07\/logo_alina_hegi_cabezal.svg","contentUrl":"https:\/\/alinahegi.com\/web\/wp-content\/uploads\/2025\/07\/logo_alina_hegi_cabezal.svg","caption":"Alina Hegi"},"image":{"@id":"https:\/\/alinahegi.com\/web\/#\/schema\/logo\/image\/"}}]}},"_links":{"self":[{"href":"https:\/\/alinahegi.com\/web\/wp-json\/wp\/v2\/pages\/1407","targetHints":{"allow":["GET"]}}],"collection":[{"href":"https:\/\/alinahegi.com\/web\/wp-json\/wp\/v2\/pages"}],"about":[{"href":"https:\/\/alinahegi.com\/web\/wp-json\/wp\/v2\/types\/page"}],"author":[{"embeddable":true,"href":"https:\/\/alinahegi.com\/web\/wp-json\/wp\/v2\/users\/1"}],"replies":[{"embeddable":true,"href":"https:\/\/alinahegi.com\/web\/wp-json\/wp\/v2\/comments?post=1407"}],"version-history":[{"count":26,"href":"https:\/\/alinahegi.com\/web\/wp-json\/wp\/v2\/pages\/1407\/revisions"}],"predecessor-version":[{"id":2837,"href":"https:\/\/alinahegi.com\/web\/wp-json\/wp\/v2\/pages\/1407\/revisions\/2837"}],"wp:attachment":[{"href":"https:\/\/alinahegi.com\/web\/wp-json\/wp\/v2\/media?parent=1407"}],"curies":[{"name":"wp","href":"https:\/\/api.w.org\/{rel}","templated":true}]}}