{"id":954,"date":"2025-08-17T17:16:54","date_gmt":"2025-08-17T20:16:54","guid":{"rendered":"https:\/\/alinahegi.com\/web\/?page_id=954"},"modified":"2025-08-21T10:23:09","modified_gmt":"2025-08-21T13:23:09","slug":"carrito","status":"publish","type":"page","link":"https:\/\/alinahegi.com\/web\/carrito\/","title":{"rendered":"Carrito"},"content":{"rendered":"\t\t<div data-elementor-type=\"wp-page\" data-elementor-id=\"954\" class=\"elementor elementor-954\" data-elementor-post-type=\"page\">\n\t\t\t\t<div class=\"elementor-element elementor-element-f6ac1a2 e-flex e-con-boxed e-con e-parent\" data-id=\"f6ac1a2\" data-element_type=\"container\" data-e-type=\"container\" data-settings=\"{&quot;background_background&quot;:&quot;classic&quot;}\">\n\t\t\t\t\t<div class=\"e-con-inner\">\n\t\t\t\t<div class=\"elementor-element elementor-element-8db46bd elementor-widget elementor-widget-etheme_animated_headline\" data-id=\"8db46bd\" data-element_type=\"widget\" data-e-type=\"widget\" data-settings=\"{&quot;text_style&quot;:&quot;animate&quot;,&quot;animated_text&quot;:&quot;Carrito&quot;,&quot;animation_type&quot;:&quot;slide-down&quot;}\" data-widget_type=\"etheme_animated_headline.default\">\n\t\t\t\t<div class=\"elementor-widget-container\">\n\t\t\t\t\t        \n        <div class=\"etheme-headline-wrapper\">\n            <h1 class=\"etheme-headline etheme-headline-animation-type-slide-down\" data-style=\"animate\">\n\t\t                        <span class=\"etheme-headline-text-wrapper\">\n                \n\t\t            \n                    <span class=\"etheme-headline-text etheme-headline-text-active\">Carrito<\/span>                \n                <\/span>\n                            <\/h1>\n        <\/div>\n        \n\t\t\t\t\t\t<\/div>\n\t\t\t\t<\/div>\n\t\t\t\t\t<\/div>\n\t\t\t\t<\/div>\n\t\t<div class=\"elementor-element elementor-element-d514a62 e-flex e-con-boxed e-con e-parent\" data-id=\"d514a62\" data-element_type=\"container\" data-e-type=\"container\">\n\t\t\t\t\t<div class=\"e-con-inner\">\n\t\t\t\t\t<\/div>\n\t\t\t\t<\/div>\n\t\t\t\t<\/div>\n\t\t","protected":false},"excerpt":{"rendered":"<p>Carrito Tu carrito est\u00e1 vac\u00edo. SU CARRITO EST\u00c1 VAC\u00cdO. LO INVITAMOS A VISITAR NUESTRA TIENDA. Ir a tienda<\/p>\n","protected":false},"author":1,"featured_media":0,"parent":0,"menu_order":0,"comment_status":"closed","ping_status":"closed","template":"elementor_header_footer","meta":{"_acf_changed":false,"_joinchat":[],"footnotes":""},"class_list":["post-954","page","type-page","status-publish","hentry"],"acf":[],"yoast_head":"<!-- This site is optimized with the Yoast SEO plugin v27.0 - https:\/\/yoast.com\/product\/yoast-seo-wordpress\/ -->\n<title>Carrito - Alina Hegi<\/title>\n<meta name=\"robots\" content=\"index, follow, max-snippet:-1, max-image-preview:large, max-video-preview:-1\" \/>\n<link rel=\"canonical\" href=\"https:\/\/alinahegi.com\/web\/carrito\/\" \/>\n<meta property=\"og:locale\" content=\"es_ES\" \/>\n<meta property=\"og:type\" content=\"article\" \/>\n<meta property=\"og:title\" content=\"Carrito - Alina Hegi\" \/>\n<meta property=\"og:description\" content=\"Carrito Tu carrito est\u00e1 vac\u00edo. SU CARRITO EST\u00c1 VAC\u00cdO. LO INVITAMOS A VISITAR NUESTRA TIENDA. Ir a tienda\" \/>\n<meta property=\"og:url\" content=\"https:\/\/alinahegi.com\/web\/carrito\/\" \/>\n<meta property=\"og:site_name\" content=\"Alina Hegi\" \/>\n<meta property=\"article:modified_time\" content=\"2025-08-21T13:23:09+00:00\" \/>\n<meta name=\"twitter:card\" content=\"summary_large_image\" \/>\n<meta name=\"twitter:label1\" content=\"Tiempo de lectura\" \/>\n\t<meta name=\"twitter:data1\" content=\"1 minuto\" \/>\n<script type=\"application\/ld+json\" class=\"yoast-schema-graph\">{\"@context\":\"https:\/\/schema.org\",\"@graph\":[{\"@type\":\"WebPage\",\"@id\":\"https:\/\/alinahegi.com\/web\/carrito\/\",\"url\":\"https:\/\/alinahegi.com\/web\/carrito\/\",\"name\":\"Carrito - Alina Hegi\",\"isPartOf\":{\"@id\":\"https:\/\/alinahegi.com\/web\/#website\"},\"datePublished\":\"2025-08-17T20:16:54+00:00\",\"dateModified\":\"2025-08-21T13:23:09+00:00\",\"breadcrumb\":{\"@id\":\"https:\/\/alinahegi.com\/web\/carrito\/#breadcrumb\"},\"inLanguage\":\"es\",\"potentialAction\":[{\"@type\":\"ReadAction\",\"target\":[\"https:\/\/alinahegi.com\/web\/carrito\/\"]}]},{\"@type\":\"BreadcrumbList\",\"@id\":\"https:\/\/alinahegi.com\/web\/carrito\/#breadcrumb\",\"itemListElement\":[{\"@type\":\"ListItem\",\"position\":1,\"name\":\"Home\",\"item\":\"https:\/\/alinahegi.com\/web\/\"},{\"@type\":\"ListItem\",\"position\":2,\"name\":\"Carrito\"}]},{\"@type\":\"WebSite\",\"@id\":\"https:\/\/alinahegi.com\/web\/#website\",\"url\":\"https:\/\/alinahegi.com\/web\/\",\"name\":\"Alina Hegi\",\"description\":\"\",\"publisher\":{\"@id\":\"https:\/\/alinahegi.com\/web\/#organization\"},\"potentialAction\":[{\"@type\":\"SearchAction\",\"target\":{\"@type\":\"EntryPoint\",\"urlTemplate\":\"https:\/\/alinahegi.com\/web\/?s={search_term_string}\"},\"query-input\":{\"@type\":\"PropertyValueSpecification\",\"valueRequired\":true,\"valueName\":\"search_term_string\"}}],\"inLanguage\":\"es\"},{\"@type\":\"Organization\",\"@id\":\"https:\/\/alinahegi.com\/web\/#organization\",\"name\":\"Alina Hegi\",\"url\":\"https:\/\/alinahegi.com\/web\/\",\"logo\":{\"@type\":\"ImageObject\",\"inLanguage\":\"es\",\"@id\":\"https:\/\/alinahegi.com\/web\/#\/schema\/logo\/image\/\",\"url\":\"https:\/\/alinahegi.com\/web\/wp-content\/uploads\/2025\/07\/logo_alina_hegi_cabezal.svg\",\"contentUrl\":\"https:\/\/alinahegi.com\/web\/wp-content\/uploads\/2025\/07\/logo_alina_hegi_cabezal.svg\",\"caption\":\"Alina Hegi\"},\"image\":{\"@id\":\"https:\/\/alinahegi.com\/web\/#\/schema\/logo\/image\/\"}}]}<\/script>\n<!-- \/ Yoast SEO plugin. -->","yoast_head_json":{"title":"Carrito - Alina Hegi","robots":{"index":"index","follow":"follow","max-snippet":"max-snippet:-1","max-image-preview":"max-image-preview:large","max-video-preview":"max-video-preview:-1"},"canonical":"https:\/\/alinahegi.com\/web\/carrito\/","og_locale":"es_ES","og_type":"article","og_title":"Carrito - Alina Hegi","og_description":"Carrito Tu carrito est\u00e1 vac\u00edo. SU CARRITO EST\u00c1 VAC\u00cdO. LO INVITAMOS A VISITAR NUESTRA TIENDA. Ir a tienda","og_url":"https:\/\/alinahegi.com\/web\/carrito\/","og_site_name":"Alina Hegi","article_modified_time":"2025-08-21T13:23:09+00:00","twitter_card":"summary_large_image","twitter_misc":{"Tiempo de lectura":"1 minuto"},"schema":{"@context":"https:\/\/schema.org","@graph":[{"@type":"WebPage","@id":"https:\/\/alinahegi.com\/web\/carrito\/","url":"https:\/\/alinahegi.com\/web\/carrito\/","name":"Carrito - Alina Hegi","isPartOf":{"@id":"https:\/\/alinahegi.com\/web\/#website"},"datePublished":"2025-08-17T20:16:54+00:00","dateModified":"2025-08-21T13:23:09+00:00","breadcrumb":{"@id":"https:\/\/alinahegi.com\/web\/carrito\/#breadcrumb"},"inLanguage":"es","potentialAction":[{"@type":"ReadAction","target":["https:\/\/alinahegi.com\/web\/carrito\/"]}]},{"@type":"BreadcrumbList","@id":"https:\/\/alinahegi.com\/web\/carrito\/#breadcrumb","itemListElement":[{"@type":"ListItem","position":1,"name":"Home","item":"https:\/\/alinahegi.com\/web\/"},{"@type":"ListItem","position":2,"name":"Carrito"}]},{"@type":"WebSite","@id":"https:\/\/alinahegi.com\/web\/#website","url":"https:\/\/alinahegi.com\/web\/","name":"Alina Hegi","description":"","publisher":{"@id":"https:\/\/alinahegi.com\/web\/#organization"},"potentialAction":[{"@type":"SearchAction","target":{"@type":"EntryPoint","urlTemplate":"https:\/\/alinahegi.com\/web\/?s={search_term_string}"},"query-input":{"@type":"PropertyValueSpecification","valueRequired":true,"valueName":"search_term_string"}}],"inLanguage":"es"},{"@type":"Organization","@id":"https:\/\/alinahegi.com\/web\/#organization","name":"Alina Hegi","url":"https:\/\/alinahegi.com\/web\/","logo":{"@type":"ImageObject","inLanguage":"es","@id":"https:\/\/alinahegi.com\/web\/#\/schema\/logo\/image\/","url":"https:\/\/alinahegi.com\/web\/wp-content\/uploads\/2025\/07\/logo_alina_hegi_cabezal.svg","contentUrl":"https:\/\/alinahegi.com\/web\/wp-content\/uploads\/2025\/07\/logo_alina_hegi_cabezal.svg","caption":"Alina Hegi"},"image":{"@id":"https:\/\/alinahegi.com\/web\/#\/schema\/logo\/image\/"}}]}},"_links":{"self":[{"href":"https:\/\/alinahegi.com\/web\/wp-json\/wp\/v2\/pages\/954","targetHints":{"allow":["GET"]}}],"collection":[{"href":"https:\/\/alinahegi.com\/web\/wp-json\/wp\/v2\/pages"}],"about":[{"href":"https:\/\/alinahegi.com\/web\/wp-json\/wp\/v2\/types\/page"}],"author":[{"embeddable":true,"href":"https:\/\/alinahegi.com\/web\/wp-json\/wp\/v2\/users\/1"}],"replies":[{"embeddable":true,"href":"https:\/\/alinahegi.com\/web\/wp-json\/wp\/v2\/comments?post=954"}],"version-history":[{"count":31,"href":"https:\/\/alinahegi.com\/web\/wp-json\/wp\/v2\/pages\/954\/revisions"}],"predecessor-version":[{"id":1390,"href":"https:\/\/alinahegi.com\/web\/wp-json\/wp\/v2\/pages\/954\/revisions\/1390"}],"wp:attachment":[{"href":"https:\/\/alinahegi.com\/web\/wp-json\/wp\/v2\/media?parent=954"}],"curies":[{"name":"wp","href":"https:\/\/api.w.org\/{rel}","templated":true}]}}